c - 13. Suppose 93*o - 33*o - 120 = 0. Let a(w) = -w + 7 - 5*w - w**2 + w. Let m(i) = o*d(i) + 5*a(i). Calculate m(7).
9
Let s(q) be the third derivative of -q**5/60 + q**4/8 - q**3/3 + 8*q**2 - 231*q. What is s(2)?
0
Let l be (-377)/(-2) - (-14)/28. Let v = -184 + l. Let n(r) = 2*r**2 - 8*r + 6. What is n(v)?
16
Let z(c) = c**3 - 5*c**2 - 4*c + 16. Let q(a) = -202*a + 1420. Let i be q(7). Determine z(i).
28
Let o be (-18)/(-12) - (-9)/(-6). Let w(h) = -4 + o*h - 4*h + 7 - 4. Let v = -46 + 47. What is w(v)?
-5
Let b(n) = n**3 + 5*n**2 + 4*n - 2. Let q = -25 - -37. Let m(r) = -36*r + 2. Let l be m(0). Suppose l*i + i = -q. Calculate b(i).
-2
Suppose -3*i - 12*b - 31 = -7*b, 11 = -3*i + 5*b. Let u(v) = -2*v - 32. Calculate u(i).
-18
Let q(v) = 2*v - 3. Let u be q(4). Let t(y) be the first derivative of y**2/2 - 5*y + 1788. What is t(u)?
0
Let s(y) = y**3 + 10*y**2 - 4*y - 14. Suppose -33 = -4*x - 5*u, -4*x + u - 2 = -5. Let o be ((-56)/20 + x)*25/2. Give s(o).
26
Suppose 8*c + 5 = 3*c. Let x(j) be the second derivative of 1/3*j**3 + 1/12*j**4 + 11/20*j**5 - 7*j + 1/2*j**2 + 0. Give x(c).
-11
Let q(n) be the first derivative of -n**2 + 55*n + 343. Give q(25).
5
Let m(g) = g**2 - 14*g + 1. Let u(f) = -f**2 - 13*f - 20. Let o be u(-10). Suppose -4*d = -3*d + 2*h - o, -3*d - 3*h = -36. What is m(d)?
1
Let t = 2171 + -2172. Let v(g) = 45*g**3 + g**2 + 2*g + 2. Calculate v(t).
-44
Let f(y) be the second derivative of -y**5/20 - 3*y**4/4 - 5*y**3/6 - 3*y**2/2 + 1338*y. Give f(-4).
-63
Let m(w) = 4 - 3*w**2 - 6*w + 1 + 1077*w**3 - 1076*w**3. Suppose 3*p - 12 = -3*f, -8 = -3*f + p + 4. Determine m(f).
-3
Suppose -c - 4*j = 2*c - 34, -c - 2*j + 14 = 0. Let x(h) = 2*h - 5. Let k be x(c). Let f(z) = -4*z + 1. What is f(k)?
-27
Suppose 176 = -3*u + 19*u. Let q(a) = -9*a - 11. Let w(z) = 27*z + 31. Let j(t) = u*q(t) + 4*w(t). Determine j(-2).
-15
Let s(k) = 18*k + 5. Let n(l) = 70 + 40*l - 137 + 76. Let c(a) = -2*n(a) + 5*s(a). Give c(-6).
-53
Suppose 5*j = j - 4. Let b(t) be the second derivative of t**4/4 - t**3/6 - t**2/2 + 607*t + 1. What is b(j)?
3
Suppose -6*l = -3*c - l + 12, 0 = 4*c - 4*l - 24. Suppose c*i - 4*i = 15. Let d(b) = -15*b**2 + 8*b**2 + 5*b + 2 - 5 + 5*b**2. Calculate d(i).
-6
Suppose -5*o + 3*v + 28 = 0, 1629*o - 4*v - 19 = 1626*o. Let z(y) = y**3 - 4*y**2 - 4*y - 5. What is z(o)?
0
Let f(j) be the second derivative of -j**6/360 - j**5/15 - j**4/2 - j**3/6 + 5*j**2/2 + 5*j + 10. Let r(n) be the second derivative of f(n). Determine r(-5).
3
Let h be 2/(-7) - (-357)/49. Let i(z) = -6*z**2 - 14*z + h*z**2 + 10 + z**2. Let u(t) = -t**2 + 7*t - 5. Let j(v) = -3*i(v) - 5*u(v). Determine j(5).
5
Let d(l) be the third derivative of 5*l**4/8 + 6*l**3 + 128*l**2 + l. Calculate d(0).
36
Let g(h) = -11*h + 120. Let y(s) = 63*s - 303. Let l be y(5). What is g(l)?
-12
Let q be (-128)/(-192)*3/(-2)*-6. Let z(n) be the second derivative of -1/20*n**5 + 0 - 34*n + 2/3*n**4 - q*n**2 + 1/2*n**3. What is z(8)?
12
Let k be -217 + 13 + 24/(-6). Let m be k/65 - 24/30. Let o(v) = -2*v - 9. What is o(m)?
-1
Let l(y) be the third derivative of -y**2 + 1/4*y**5 + 3*y**3 + 1/24*y**4 + 1/120*y**6 + 78*y + 0. Determine l(-15).
3
Let x(a) = -2*a**2 - 4*a + 62. Suppose 189 = 84*p + 11 - 242. Determine x(p).
-8
Suppose 267*k + 1 = p + 269*k, 4*p = -5*k - 8. Let x(m) = m**2 - 3*m - 43. Determine x(p).
27
Suppose 2*b + 53 = -3*u, -3*u = -b + 7 + 52. Let p = -16 - u. Let a(l) = p*l - 20 + 10 + 10. Give a(-4).
-12
Let b(k) be the second derivative of -5*k**2 + 0 - k**3 - 140*k - 1/12*k**4. Give b(-5).
-5
Let l = 767 - 452. Let z = -317 + l. Let t(g) be the second derivative of g**3/2 + g**2 - 2*g. Give t(z).
-4
Let a(m) = -3*m**2 + 7*m - 87. Let z(d) = d**2 - d + 4. Let k(r) = -a(r) - 4*z(r). Give k(8).
-17
Let z(g) = -g**2 - 2*g + 2. Let v be ((-10)/4 - -2)/(6/(-108)). Let j(o) = -15*o + 137. Let s be j(v). Give z(s).
-6
Let x be 36/108*(-20 + 5). Let v(k) = -2*k**3 - 10*k**2 + 3*k - 1. Give v(x).
-16
Let t(u) be the second derivative of u**4/6 - 47*u**3/6 + 12*u**2 - 10648*u. Determine t(24).
48
Let p(n) = -2*n**2 - 3*n + 1. Suppose -4*a - 3*k = -7 + 48, 5*a + 45 = -5*k. Let d(r) = -3*r - 40. Let h be d(a). Calculate p(h).
-13
Let x(v) = -92*v**2 + 190*v. Let k(m) = -153*m**2 + 323*m. Let f(p) = -10*k(p) + 17*x(p). Calculate f(-1).
-34
Let c(d) = d**2 - 3*d - 10. Let p = -548 + 1144. Let h = -591 + p. What is c(h)?
0
Let l be (-77372)/10933 + 1/13. Let a(h) be the second derivative of -h**5/20 - h**4/2 + 7*h**3/6 + 5*h**2/2 + 2*h. Calculate a(l).
5
Let x(i) = -3*i - 81. Let y be (-21390)/765 - (-28)/(-714). What is x(y)?
3
Suppose -624 = -26*a + 30*a. Let o = a - -159. Let x(b) = 12*b. Give x(o).
36
Let r(q) = -q - 2. Let n(m) = 1. Let b(v) = -6*n(v) + r(v). Suppose -3*x + 50 = -4*j, 6*x = 2*x + j + 84. Suppose 0 = 19*u - x*u. Determine b(u).
-8
Let d(o) be the first derivative of 5 - 3*o - 7*o**2 + 1/4*o**4 - 13/3*o**3. Let b be d(14). Let z(f) = 4*f. Determine z(b).
-12
Let i(h) = -h**3 - 136*h - 5 + 62*h - 4*h**2 + 73*h. What is i(-3)?
-11
Let h(l) = l**2 - 8*l + 31. Suppose -30*u = -2*i - 31*u + 11, 2*u - 29 = -5*i. Calculate h(i).
24
Let l(j) = -163*j - 91. Let t(o) = 139*o + 90. Let u(h) = 5*l(h) + 6*t(h). Give u(-5).
-10
Let v = 5286 + -5296. Let p(i) = -2*i**2 - 17*i + 36. What is p(v)?
6
Let b(n) = 52*n**3 + 8*n**2 - 30*n**3 - 67*n**3 + 46*n**3 - 4*n + 49 - 14. What is b(-9)?
-10
Let p = 98 - 93. Suppose -5 = -p*u + 5*x, -x = x + 10. Let w(y) be the first derivative of y**3/3 + 3*y**2/2 - 4*y + 3. Determine w(u).
0
Let r be (-14)/(112/88)*(0 - -1). Let q(w) = -8*w - 96. What is q(r)?
-8
Let i(r) = r - 1. Suppose -5*n - 6 = -26. Suppose -38 = -n*m - 2. Let h(u) = -u**3 + 8*u**2 + 8*u + 10. Let a be h(m). What is i(a)?
0
Let j be 1 + 11/(-9) + (-18)/(-81). Suppose 2*x = -3*k + 8, j*x + 3*k = x - 22. Let w(p) = -1 + 0*p - 11 + 2*p. Give w(x).
8
Let r(n) be the second derivative of 5*n**4/6 + 7*n**3/6 - n**2/2 + 158*n - 7. Give r(2).
53
Let j = 57 - 55. Suppose -j*q + 8 = -4*q. Let n = q - -1. Let p(c) = c**3 - c + 4. Give p(n).
-20
Let w = -86 - -74. Let j be 228/(-2)*(40/w + 3). Suppose 3*f = -65 + j. Let a(r) = -r**2 - 7*r + 12. Give a(f).
-6
Let d(r) = 2*r - 14. Let h(v) be the first derivative of v**2/2 - 6*v - 61. Let b(f) = -4*d(f) + 9*h(f). What is b(-5)?
-3
Let w(a) = 15*a**3 + 2*a**2 - 1. Let q be ((-24)/72)/(4/24) + 1. What is w(q)?
-14
Suppose 4*i - 2 = 3*c, 0*c = 2*c + 4. Let w(f) = -5*f**2 - 10*f - 10. Let g be w(i). Let m(h) = -h + 1. Determine m(g).
6
Let o(z) be the first derivative of 2*z**3/3 - 21*z**2 + 112*z + 5752. Calculate o(3).
4
Let y(s) = -9*s + s - 11 - 35 - 12 - 8. What is y(-8)?
-2
Let z(o) = -o**2 + 5*o + 3. Suppose 0 = -3*q + 56 + 16. Let p be 16/q*2*9/2. Let m be (-8)/p*((-18)/(-12) - 6). Determine z(m).
-3
Suppose -2*a + 10 - 2 = 0. Let w(v) be the first derivative of 2*v + 5/2*v**2 - 172. Give w(a).
22
Let s(u) = 27*u**2 + u. Let n(o) = -4*o + 45. Let r = -145 - -156. Let z be n(r). Calculate s(z).
28
Let y(u) = 66 + 40 - u**2 + 11245*u - 11276*u. Calculate y(-34).
4
Let c(g) = 11*g + 46. Let j be c(-5). Let b(y) = -y - 26. Let a(p) = 3. Let z(l) = 3*a(l) + b(l). Give z(j).
-8
Let u = -1518 + 1515. Let g(x) = -18*x - 6. Determine g(u).
48
Let n = -27 + 29. Let i(c) = -c**n - 163 + 322 + 11*c - 176 + 6*c. What is i(16)?
-1
Suppose -27*w + 4*g - 6 = -29*w, w + 5*g - 6 = 0. Let k(v) be the third derivative of -5*v**4/2 - 24*v**2. Calculate k(w).
-60
Let x(k) = -20*k - 89. Suppose -1112*a + 1074*a - 190 = 0. What is x(a)?
11
Let a(m) = 2 + 14*m - m**2 + 0 - 5*m. Let n = -72309 + 72317. Determine a(n).
10
Let w = -283 + 275. Let d(t) = 37*t + 10. Let z(j) = -23*j - 7. Let c(q) = w*z(q) - 5*d(q). Let a(b) = b**3 - 3*b**2 - 2*b - 3. Let y be a(4). Give c(y).
1
Let u(p) = 12*p - 7. Let b be -5 - 40/30*27/(-6). Calculate u(b).
5
Let o(z) = -4*z + 5. Let b = -30 + 37. Suppose -b - 1 = -4*j. Suppose -j*x = 4 - 12. Give o(x).
-11
Let f(h) be the first derivative of h**3/3 - 4*h**2 - 13*h + 2. Let g be -14 + 39 - (-6)/2. Suppose -6*x + g*x = 198. Determine f(x).
-4
Let p(c) = 15*c**2 - 15*c - 2 + 11 + 2 - c**3. Let o be (3 - -1)/(-4)*(-350)/(-29 - -54). Determine p(o).
-3
Let t(i) = 111*i**2 + 21*i - 57. Let a(b) = -83*b**2 - 20*b + 56. Let 